63.
19
What is the greatest common divisor of 17 and 81284191?
17
Calculate the greatest common divisor of 7756678 and 1182.
394
Calculate the highest common divisor of 7198653 and 1452.
363
Calculate the greatest common factor of 77 and 227266457.
11
What is the highest common factor of 297564 and 359104?
724
What is the highest common factor of 4263354 and 1026?
54
What is the greatest common factor of 21180545 and 5?
5
What is the highest common factor of 1600911 and 3159?
351
Calculate the highest common factor of 1200 and 23990775.
75
What is the highest common factor of 5 and 22027725?
5
What is the greatest common divisor of 147455875 and 125?
125
Calculate the greatest common factor of 32310640 and 232.
232
Calculate the highest common divisor of 17917 and 29279.
437
What is the highest common divisor of 36 and 1437237432?
36
Calculate the greatest common divisor of 104531 and 11663.
109
What is the highest common factor of 238042 and 12054?
98
What is the highest common factor of 9235 and 95705999?
1847
Calculate the greatest common divisor of 758199 and 11401.
13
Calculate the highest common factor of 4514 and 128575.
37
Calculate the greatest common factor of 36552 and 4536.
24
What is the greatest common divisor of 14911857 and 2043?
2043
Calculate the greatest common divisor of 7140408 and 53449.
473
What is the greatest common factor of 221296559 and 44?
11
What is the greatest common factor of 1030 and 106634870?
1030
What is the greatest common factor of 16098 and 2832?
6
Calculate the highest common factor of 2665 and 1459805.
205
What is the highest common factor of 520 and 68173768?
104
What is the greatest common divisor of 341362 and 122472?
14
What is the greatest common factor of 50107166 and 43542?
4838
Calculate the highest common factor of 147 and 37334276.
49
Calculate the greatest common divisor of 6208236 and 41680.
2084
What is the highest common divisor of 6 and 8479902?
6
Calculate the highest common divisor of 24 and 2236776.
24
Calculate the highest common factor of 10720 and 3250.
10
What is the highest common factor of 5124620 and 20648?
356
Calculate the highest common divisor of 146552 and 424.
8
Calculate the highest common factor of 3040 and 3618360.
760
What is the highest common divisor of 43163 and 47447?
17
Calculate the highest common factor of 304719963 and 2265.
453
What is the highest common divisor of 25584 and 45092128?
656
Calculate the highest common factor of 21655 and 1573005.
355
What is the greatest common divisor of 379182 and 1644?
6
Calculate the greatest common factor of 4054084 and 928.
116
What is the highest common factor of 14765340 and 444?
12
What is the greatest common divisor of 11724 and 85698532?
3908
What is the highest common divisor of 8067165 and 2445?
15
What is the greatest common divisor of 10501107 and 1729983?
11019
Calculate the highest common factor of 18 and 7489602.
18
What is the greatest common divisor of 1690777 and 908567?
6017
Calculate the greatest common factor of 213788186 and 738.
82
Calculate the highest common divisor of 93700 and 84700.
100
What is the greatest common divisor of 31629 and 1811403373?
10543
Calculate the greatest common factor of 340461 and 6841197.
1881
What is the greatest common divisor of 248000 and 523900?
3100
What is the greatest common divisor of 10 and 523470880?
10
Calculate the highest common factor of 6542181 and 1274787.
6471
What is the highest common divisor of 26691 and 73563?
651
What is the highest common factor of 20743 and 139?
1
What is the greatest common factor of 868 and 5760272?
28
What is the highest common factor of 485094988 and 1582?
1582
What is the greatest common divisor of 570 and 292525?
5
What is the highest common factor of 466 and 492784282?
466
What is the greatest common divisor of 40697737 and 129?
43
What is the highest common divisor of 45 and 475721865?
45
What is the greatest common factor of 281995 and 45?
5
Calculate the highest common divisor of 751 and 64806794.
751
What is the greatest common factor of 195 and 528650720?
65
What is the greatest common divisor of 13788 and 13666589?
383
What is the greatest common factor of 239432028 and 24?
12
Calculate the highest common factor of 1567708 and 47464.
1396
What is the greatest common factor of 282 and 115242?
6
Calculate the greatest common factor of 101529681 and 11346.
5673
Calculate the highest common factor of 26087742 and 36.
18
Calculate the greatest common divisor of 196 and 77917546.
98
Calculate the greatest common factor of 89 and 27288735.
89
Calculate the greatest common factor of 956 and 36247696.
956
Calculate the highest common factor of 3439285 and 41.
41
Calculate the highest common divisor of 812940415 and 7070.
3535
Calculate the greatest common factor of 19344512 and 9680.
1936
Calculate the highest common divisor of 1035 and 200261736.
207
Calculate the highest common divisor of 17510 and 30526934.
3502
What is the highest common factor of 33980544 and 117312?
2496
What is the greatest common divisor of 5772 and 755196?
156
Calculate the highest common divisor of 1064 and 11359936.
56
What is the highest common divisor of 350 and 149506525?
175
Calculate the highest common divisor of 130086 and 2873134.
1606
Calculate the highest common divisor of 113124430 and 5.
5
What is the highest common divisor of 2214 and 10500246?
54
What is the highest common factor of 103800884 and 44?
44
What is the greatest common factor of 7030 and 31147555?
95
Calculate the greatest common divisor of 539 and 20570.
11
What is the highest common divisor of 172 and 1073405818?
86
What is the highest common factor of 14266560 and 399124?
8492
What is the highest common divisor of 288531508 and 23576?
1684
Calculate the greatest common divisor of 6673375 and 1773.
197
Calculate the greatest common divisor of 123216 and 14949.
453
Calculate the greatest common factor of 1451048 and 3472.
248
Calculate the highest common factor of 46 and 14374379.
23
Calculate the highest common factor of 1865458 and 54530.
266
What is the highest common divisor of 66418 and 408?
2
What is the highest common factor of 4344 and 3036275?
181
What is the greatest common divisor of 5265 and 2755194?
39
What is the greatest common factor of 6061302 and 4446?
234
Calculate the highest common divisor of 29054629 and 57.
19
What is the highest common factor of 1760 and 332040?
40
Calculate the greatest common divisor of 264 and 575768.
8
What is the highest common divisor of 19 and 67342004?
19
Calculate the greatest common divisor of 551 and 1316533503.
551
What is the greatest common factor of 37856 and 15987552?
224
What is the highest common divisor of 1261 and 2233619?
97
Calculate the highest common divisor of 617427525 and 65.
65
What is the greatest common factor of 90577 and 389652?
1709
Calculate the greatest common factor of 6 and 365252178.
6
What is the highest common divisor of 40 and 4449080?
40
Calculate the highest common divisor of 2182306 and 931588.
1358
Calculate the highest common divisor of 59792 and 9392.
16
What is the highest common factor of 62858 and 290570?
1186
Calculate the highest common factor of 270081245 and 70.
35
What is the highest common divisor of 522 and 322714146?
174
What is the greatest common divisor of 772 and 9374010?
386
What is the greatest common divisor of 4979674 and 147?
49
Calculate the highest common factor of 15897 and 7938.
21
What is the greatest common factor of 524361 and 5048?
631
What is the highest common divisor of 820845 and 483072?
1887
What is the greatest common divisor of 33912018 and 6174?
882
What is the greatest common factor of 48118439 and 1319?
1319
What is the highest common factor of 560 and 613535?
5
What is the highest common factor of 3746216 and 128?
8
Calculate the greatest common factor of 107653889 and 7.
7
What is the greatest common divisor of 2870 and 8734558?
574
Calculate the greatest common divisor of 1541 and 726595369.
1541
Calculate the greatest common divisor of 49344 and 335642.
514
What is the greatest common divisor of 1500 and 116341125?
375
Calculate the highest common factor of 839040 and 3705.
285
Calculate the highest common divisor of 22704 and 364984.
344
What